2 + h - 1/3*o**3. Determine x(5).
-5
Suppose -m = -4*r - 1 + 4, -3*m = r + 9. Let g(l) = l**3 - l**2 + l + 19. Determine g(r).
19
Let i(q) = -4*q**2 - 3 + 2*q - 4*q**3 + 2*q + 5*q**3. Let d be (-3)/((-9)/12) + 30/(-15). Calculate i(d).
-3
Let j(k) = 4*k**2 - 1. Let i(p) = 10*p**2 + 1. Let s be i(-1). Suppose 2*w = a + 7, 4*w - w = 2*a + s. Calculate j(a).
3
Let s(t) be the first derivative of -t**6/120 - t**5/30 + t**4/24 + t**3/6 - 3*t**2 - 2. Let p(f) be the second derivative of s(f). Calculate p(-3).
7
Let c(w) be the first derivative of w**4/4 - w**3/3 - w**2/2 + w - 1. Suppose 4*p + 2*u - 2 = 0, p = 8*u - 4*u - 22. Determine c(p).
-9
Let r(o) = -o**3 - 6*o**2 - 6*o - 3. Let q be r(-5). Let w(h) = h + 6. Let v(p) = -p - 7. Let x(j) = -5*v(j) - 6*w(j). What is x(q)?
-3
Let y(m) = 4*m. Let u(o) = -o**3 - 5*o**2 - 6*o - 4. Let a be u(-4). Give y(a).
16
Let a(j) = -j - 2. Suppose -2*n + 5*t = -24, 9*n - 30 = 4*n + 5*t. Suppose 5*k + 4 = 2*q, q + 52 = 5*q + k. Suppose -6*z = -n*z + q. Give a(z).
1
Let k(m) be the first derivative of -m**2 - 5. Let a(h) = -6*h. Let j(b) = 3*a(b) - 10*k(b). Give j(4).
8
Let r(k) be the second derivative of -k**3/3 + 3*k**2/2 + 42*k. Calculate r(5).
-7
Suppose u - 6 = -u. Suppose -3*w = 2*h - 14, 3*h - u*w - 6 = -0. Let j(c) = c**2 - 2*c - 3. Determine j(h).
5
Let h(r) = 3*r + 2. Let g(s) = 4*s - 2*s**2 + 3*s**2 - 2 + 1 - 2. Let v(b) = -b**3 - 3*b**2 + 4*b - 5. Let f be v(-4). Let k be g(f). What is h(k)?
8
Let i(s) = s**3 + 7*s**2 + s + 9. Let a be i(-7). Let n(u) = 3*u + a*u - 6*u - 4. Calculate n(-5).
1
Let u(w) be the third derivative of w**8/6720 - w**7/504 + w**6/240 + w**5/120 + w**4/6 - 4*w**2. Let d(v) be the second derivative of u(v). Calculate d(4).
-3
Let i(n) = 3*n. Let s be i(1). Let h(q) = -4 + q**2 - 3*q**2 - 2*q**3 + 2*q**3 + q + q**3. What is h(s)?
8
Let z(a) be the third derivative of -a**6/120 + a**5/60 + a**4/24 - a**3 - 4*a**2. Let p = -20 + 20. Calculate z(p).
-6
Let y(p) = -3*p**2 - 7*p + 2. Let n(l) = -l**2 - l. Let r(v) = -4*n(v) + y(v). Suppose -15 = 5*x + 5. Let z = 8 + x. Determine r(z).
6
Let d(k) = k**3 + 8*k**2 - k - 3. Suppose -4*u + 5*a - 27 = 0, 2*u + 2*a = -2*u - 34. Determine d(u).
5
Let c(d) be the second derivative of -d**5/20 + d**4/3 - 2*d**3/3 + d**2 + 2*d. What is c(4)?
-14
Suppose 0 = 5*k - o - 10, 4*k - o + 8 = 3*o. Let h(g) = -11*g**3 + g**2 - 6*g + 3. Let r(b) = 4*b**3 + 2*b - 1. Let z(l) = 3*h(l) + 8*r(l). Give z(k).
-5
Let k(w) be the first derivative of 1 - 2*w**3 - 2*w + 1/4*w**4 + 3*w**2. Determine k(5).
3
Let d(h) be the third derivative of -h**6/120 + 2*h**5/15 - h**4/3 + 7*h**3/6 + 6*h**2. What is d(7)?
0
Let f(n) = -n**3 + n**2 + n + 2. Let m = -5 + 5. Suppose m = -3*w + w. Determine f(w).
2
Let c(r) = -r - 7. Suppose -9 = -6*w + 3*w. Suppose -o + w*o = -6. What is c(o)?
-4
Let r(l) = l**3 - 3*l**2 + l - 1. Let g be r(3). Let i(x) = -2 + 4*x**2 - 6*x**g + 3*x**2 + 2*x + 2*x. Calculate i(-3).
-5
Suppose 5*g - 8 = 3*g. Let k(a) = a**3 - 3*a**2 - 3*a - 4. Let u be k(g). Let n be (1 + u)/(4/(-20)). Let z(l) = -l**2 - 7*l - 5. Calculate z(n).
5
Let f(p) = 4*p - 5. Let a(k) = 5*k - 5. Let d(c) = -3*a(c) + 4*f(c). Let g(v) = -v + 3. Suppose 0*b = b + 2, 0 = 3*t + 5*b + 10. Let l be g(t). What is d(l)?
-2
Let i be 6/4*-1*-2. Let f(v) be the third derivative of v**5/60 - v**4/8 - v**3/6 + 63*v**2. Determine f(i).
-1
Let w(g) = g - 7. Let k(p) = p**2 - 5*p - 1. Let l be k(6). Give w(l).
-2
Let g(l) = 2*l**2 - 4. Let o = 0 + 4. Suppose o*y = 3*t + 3, t + 2 - 12 = 5*y. Calculate g(y).
14
Let z(q) = 4*q + 1 + 0 + 3. Let w(c) = -9*c - 8. Let o = -12 - -19. Let g(j) = o*z(j) + 3*w(j). Give g(-4).
0
Let g be -5*(-3)/12*4. Let b(h) = -h + 4. Calculate b(g).
-1
Suppose -3*z + 2*h + 4 = 0, -3 + 0 = z - 5*h. Let r(j) = 4 + 3*j - 3*j + z*j. Suppose -14 - 2 = p + 4*m, -m + 9 = -3*p. Determine r(p).
-4
Let k(y) = -3*y. Let v(t) = t. Let z(u) = 4*k(u) + 11*v(u). Suppose -4*a + 4*q + 8 = 0, 5*a + 0*q = -3*q - 30. What is z(a)?
3
Suppose 3*d + 2*d - 5*h = -35, 2*d + 17 = h. Let k = 6 + d. Let m(n) be the third derivative of n**6/120 + n**5/15 - n**2. Determine m(k).
0
Suppose -4*t + 10 = 30. Let z = t + 5. Let m(r) be the first derivative of r**2/2 - 3*r + 1. Give m(z).
-3
Let b be ((-4)/(-10))/(3/15). Let u(n) = 0*n**2 - n**b - 2*n + 0*n. Give u(-1).
1
Suppose -u + 2 + 0 = 0. Let z(q) = 4 - 1 + 4 + 7*q - u + 2*q**2. What is z(-4)?
9
Let x(p) = 4*p + 41. Let i be x(-9). Let s(q) = q**3 - 5*q**2 + q + 2. What is s(i)?
7
Let u(m) = 5*m**2 - m. Let g be (1/(-2))/(8/16). Calculate u(g).
6
Let d be 2/4*10*1. Let a = d - 4. Let i(x) = -5*x**3 + x. Give i(a).
-4
Suppose -6 = 6*y - 3*y. Let q(v) be the first derivative of -3/2*v**2 + 0*v - 2 - 2/3*v**3. Calculate q(y).
-2
Let l(r) = -2*r + 4. Let p = 104 + -100. Determine l(p).
-4
Let r(y) = y**2 + y - 16. Let a be 264/21 - (-21)/49. Let w = a + -13. Calculate r(w).
-16
Let p(i) = -2*i**3 - 4*i**2 - 3*i. Let z = 12 + -8. Suppose j = -z*d - 3*j - 12, -1 = j. What is p(d)?
6
Suppose 3*r - 4*l = 10, 0 = -6*l + 2*l - 4. Let z(y) = -2*y + 5*y - r*y - 1 + 4*y**2. Calculate z(1).
4
Let b(s) be the third derivative of s**2 + 1/24*s**4 - s**3 + 0 + 0*s. Let c = -24 + 24. Calculate b(c).
-6
Let g be 1*-1*(2 - 4). Let r(c) = -c**3 + 3*c - 2. Calculate r(g).
-4
Let l(p) be the third derivative of p**4/24 + p**3 - 26*p**2. What is l(-7)?
-1
Let f(p) = 26 + 0*p**2 + p**3 - 29 + 3*p - 3*p**2. Let b(j) = -j**3 - 6*j**2 - 6*j - 2. Let s be b(-5). Give f(s).
6
Suppose 6*v = 20 - 14. Let z(o) = -2*o**3 + o**2 - 5*o + 5. Let t(d) = -d + 1. Let y(q) = 6*t(q) - z(q). What is y(v)?
1
Let t(z) be the first derivative of 2*z - 2 + z**3 - 1/4*z**4 - 3/2*z**2. Let g be (1 + -4 - -5) + 0. What is t(g)?
0
Let c(y) = y**3 - 3*y**2 - y - 3. Let q be c(3). Let b(m) = -m**3 - 6*m**2 + 3*m + 8. What is b(q)?
-10
Suppose 0 = -w - 3*w + 16. Let u(z) = 2*z - w*z + 3 + 0*z. Suppose 0 = -j - 2*j + 12. Calculate u(j).
-5
Let i(o) = 2*o - 6. Let t be i(5). Suppose -t*w - 7 = 3*l, l + 4*w - 3*w = -1. Let a(g) = -g + 1. Let d(b) = 3*b - 2. Let r(s) = -4*a(s) - d(s). Determine r(l).
1
Let i(k) = -k**2 - 4*k - k**3 + 2*k**2 + 2*k. Let f(g) be the first derivative of g**3/3 - 13*g**2/2 + 2*g - 6. Let u be f(13). What is i(u)?
-8
Let j(w) = w**2 + w - 2. Suppose 43 - 15 = 4*i - 5*m, 0 = -5*i - 3*m - 2. Give j(i).
4
Let g(i) = i**3 + 4*i**2 - 2*i + 5. Let a(u) = -6*u + 4. Let t be a(-4). Suppose 2*f + 1 = 2*j - 1, 4*j = -4*f - t. Determine g(f).
13
Suppose -l = -2 + 4. Let i(q) be the third derivative of 0*q + 0 + 1/3*q**3 - q**2 + 1/12*q**4 + 1/60*q**5 + 1/120*q**6. What is i(l)?
-6
Let h(k) be the second derivative of 0 + 5/6*k**3 + 1/20*k**5 - k + 7/12*k**4 - 5/2*k**2. Determine h(-6).
1
Let q(f) = -3*f**2. Let m be 16/(-6)*3/1. Let v be 6/m + 3/(-12). Calculate q(v).
-3
Let c(d) be the first derivative of -d**2/2 + 10*d - 2. Give c(0).
10
Let z be 3*6*(-2)/(-9). Let i(j) = 0*j - 7*j - 3 + z*j. Suppose -l - 2*c = 12, -8 = 2*l - 3*l + 2*c. Determine i(l).
3
Let y(i) be the third derivative of i**4/2 - i**3/6 - 9*i**2. Determine y(-1).
-13
Suppose 2*t + 0*p + p = 0, 5*t + 3*p + 2 = 0. Let v(c) = -12*c**2 + 11*c**2 + 0 - 1. Determine v(t).
-5
Let d(m) = -5*m - m**3 - 3*m + 3*m - 8 + 7*m**2. Let n be -8*18/(-4)*2/12. Give d(n).
-2
Let z(d) = 9*d**2 - 4*d - 13. Suppose -3*u = -u - 4. Let n(p) = 0 + 3*p**2 - 2*p - 6 - 1 + u*p**2. Let o(f) = -11*n(f) + 6*z(f). Calculate o(-2).
-1
Let p(s) = -3*s + 3. Let j(r) = -4*r + 5. Let y(q) = 5*j(q) - 7*p(q). Let t be y(-4). Let d(m) = m**3 + m. Calculate d(t).
0
Let x(r) be the second derivative of -r**3/6 + 5*r**2/2 + 10*r. Give x(3).
2
Let f = -9 - -20. Suppose 3*i + 7 = -n, -i + 6*i = -n - f. Let s(r) = -3*r**3 - r. Determine s(n).
4
Let s = 2 + 0. Let j be (-3)/s*(-20)/15. Let g be (-2*2/j)/(-2). Let k(t) = -5*t. Calculate k(g).
-5
Let y(a) be the third derivative of a**3 + 6*a**2 + 0*a**4 - 7/60*a**5 + 0*a - 1/120*a**6 + 0. What is y(-7)?
6
Let v(k) = -k + 0 + 0. Suppose 0 = -5*f + 2*f + 3. Let u = 0 + f. Determine v(u).
-1
Let f(z) = -z. Let j be -8*1 - (-10 - -8). What is f(j)?
6
Let w(r) = -r**2 + 5*r - 2. Let y be w(3). Let g(d) = -2*d. Determine g(y).
-8
Let j = -59 + 55. Let w(q) = -2*q**2 - 5*q - 1. Calculate w(j).
-13
Let r(p) = p**3 +